 - -11. What is the remainder when (-12)/9 + 1744/48 is divided by g?
11
Let s be 1 + -3 - (0 - -57 - 0). Let j = -2 - s. What is the remainder when j is divided by (-2)/(((-3)/10)/3)?
17
Let l be (1 - 7) + (6 - -3275). Suppose -32*m + 57*m - l = 0. Calculate the remainder when m is divided by 30.
11
Let n = -18 + 333. Suppose -n = -55*j + 46*j. What is the remainder when 197/3 - (-1)/3 is divided by j?
31
Let c = -13 + 47. Let v(d) = 7*d**3 - 27 - 3*d**2 + 7*d**3 + 2*d + 24. What is the remainder when v(2) is divided by c?
33
Let n = 86 + -54. Suppose 14 + 82 = p. Suppose -5*t - 3*f = -p, -2*t = 5*f - 0*f - 46. Calculate the remainder when n is divided by t.
14
Let m = -5034 + 5135. What is the remainder when m is divided by 12?
5
Let j = -1134 + 1214. Calculate the remainder when 235 is divided by j.
75
Suppose -4*b = -3*t + 656 + 769, t = 5*b + 486. Calculate the remainder when t is divided by 5.
1
Suppose 213 = 88*r - 91*r + 1128. What is the remainder when r is divided by 39?
32
Suppose 597*p = -5*u + 592*p + 405, 0 = 2*u + 4*p - 154. What is the remainder when 352 is divided by u?
12
Let q be (-2)/12 + (-931)/(-42). Suppose -q*c = -6*c - 336. Calculate the remainder when c is divided by 5.
1
Let b(m) = m**2 + 2*m + 11. Let o(h) = 2*h**2 - 36*h + 54. Let z be o(16). Calculate the remainder when b(z) is divided by 19.
15
Let v be (-1)/(1 + (-164)/162). Let b be (-216)/144*(-20)/3. Suppose 679 + v = b*q. Calculate the remainder when q is divided by 39.
37
Suppose -10*d + 10368 = 26*d + 18*d. What is the remainder when 544 is divided by d?
160
What is the remainder when 42 is divided by ((-3)/(-5))/((-171)/(-1425))?
2
Let p(u) = 39*u + 1112. What is the remainder when p(-23) is divided by 10?
5
Let n be 627/8 + 27/(-72). Let q = 84 - n. Suppose q*g + 5 = 125. What is the remainder when 37 is divided by g?
17
Let m = 6464 - 6255. What is the remainder when 462 is divided by m?
44
Let o be 1 - (-4 - -13)/(-3). Suppose -196 = -o*y - 8. What is the remainder when y is divided by -1*-14*2 - (-3 - -6)?
22
Let t = 2 + -3. Let g = -95292 + 95358. Calculate the remainder when g is divided by t + 26 + (-1 - -1).
16
Suppose 2137 + 4170 = 17*y. Let q = -286 + y. What is the remainder when q is divided by 22?
19
Let j = 362 + -187. Calculate the remainder when j is divided by 71.
33
Calculate the remainder when 898 is divided by -13 + 2 - (36 - 122).
73
What is the remainder when 92 - (16968/2100 - (-4)/(-50)) is divided by 68?
16
Let c = 782 - 332. Let l = c + -303. What is the remainder when l is divided by 26?
17
Suppose 0 = 22*x - 9*x + 26. Let t(q) = -29*q - 39. Calculate the remainder when 34 is divided by t(x).
15
Suppose 9*r = -5*u + 13*r - 111, -2*u + 2*r = 44. Let v(p) = -7*p - 91. What is the remainder when v(u) is divided by 38?
32
Suppose -52 = 9*m - 14*m + 58. Calculate the remainder when 5409 is divided by m.
19
Let p(f) = 14*f - 591. Calculate the remainder when 1790/6 + 59/(-177) is divided by p(44).
23
Suppose 10959*s - 31620 = 10939*s. Calculate the remainder when s is divided by 99.
96
Calculate the remainder when 165 is divided by (-16)/12*(-69)/46.
1
Suppose 249 = -2*c - 3*r, -4*c + 483 = -8*c - 3*r. Let v = -86 - c. Calculate the remainder when v is divided by 4.
3
Let q(t) = -t**3 - 70*t**2 - 79*t + 306. What is the remainder when q(-69) is divided by 179?
101
Suppose -2*o - 3*o - 5*d = -3415, -3*o = -4*d - 2021. What is the remainder when o is divided by 56?
7
Let x(k) = 3*k**2 - 8*k + 2. Let r(b) = b**3 - 7*b**2 + 9*b - 8. Let d be r(6). What is the remainder when x(5) is divided by d*3/6 - 1?
1
Let o(y) = y**2 + 166*y + 5903. Calculate the remainder when 25572 is divided by o(-115).
36
Let u = -87 - -91. Suppose u*t - 4*s + 2*s - 612 = 0, -2*s = 4*t - 620. What is the remainder when t is divided by 41?
31
Suppose -69*o - 688 = -84*o - 163. Calculate the remainder when 73 is divided by o.
3
Suppose -i = -19 - 16. Let v(c) = -2*c - 10. Suppose -5*g = 2*j + 2, 2*g = 2*j - 3*g + 42. Calculate the remainder when i is divided by v(j).
11
Let a = 4693 + -4667. What is the remainder when 215 is divided by a?
7
What is the remainder when 245 is divided by 228 - 197 - (-1 + -12)?
25
Suppose -616 = -4*c + t, -25*c + 449 = -22*c - 4*t. Suppose -3*p + 503 - c = 0. Calculate the remainder when p is divided by 13.
12
Let j(a) = a**2 + 2*a + 9. Let d be j(12). Let x = d + -101. Let r = -53 + x. What is the remainder when r is divided by 12?
11
Let g = 438 - 435. Suppose 3*d - 3*l = 84, -2*d + 2*l = g*d - 134. Calculate the remainder when 102 is divided by d.
24
Suppose 4133 = 71*k + 867. Suppose 0 = 3*m - 13 - 23. What is the remainder when k is divided by m?
10
Let w = -4238 + 4258. What is the remainder when 9099 is divided by w?
19
Let k be ((-100)/(-15))/5*3/(-2). Let z(p) = -4*p**3 - 4*p**2 - p + 2. Calculate the remainder when (-2710)/(-35) - (-6)/(-14) is divided by z(k).
17
Let j(w) = -2539*w - 2947. What is the remainder when j(-17) is divided by 131?
130
Suppose 50*p - 563 = 3237. Calculate the remainder when p is divided by 62.
14
Suppose 0 = 6*j - 38618 - 32530. Calculate the remainder when j is divided by 20.
18
Suppose -3*u + 4*h = -0*h - 189, -h = -5*u + 349. Suppose -3*n + 34 = -5*m - 378, 420 = 3*n + 3*m. What is the remainder when n is divided by u?
68
Let w(q) = -q**3 - 33*q**2 + 63*q - 39. Let o be w(-35). Suppose 31 = k + g - 72, 0 = 2*k + g - o. Calculate the remainder when k is divided by 22.
15
Let q be 230/14 + 27/(-63). Suppose -q - 3 = -i. Calculate the remainder when 68 is divided by i.
11
Calculate the remainder when -5*(-1)/(-45) + 1604/18 is divided by 30.
29
Suppose 31*g = -268*g - 64*g + 15609. What is the remainder when 84 is divided by g?
41
Suppose 14*u = 12*u + 4. What is the remainder when 194 is divided by -41 + 70 + (-14)/u?
18
Suppose 166 + 84 = 5*k. Let d = 87 - k. Calculate the remainder when d is divided by 10.
7
Suppose 4*n - 11752 = 5*l, 20*l + 8814 = 3*n + 22*l. What is the remainder when 5879 is divided by n?
3
Let f be (4/6)/(985/(-165) + 6). Suppose f*s - 28*s = -390. What is the remainder when 256 is divided by s?
61
Suppose 4*q = 3*q + 3. Suppose -q*a + 4 = -23. Suppose 77*m - 75*m - 42 = -2*r, 0 = -2*r + 4*m + 30. What is the remainder when r is divided by a?
1
Suppose 3*z - 478 = 218. Suppose -3*v + z = v - 4*r, -6 = -3*r. Suppose 0 = 61*i - 231 - 745. Calculate the remainder when v is divided by i.
12
Let d(x) = 2*x**2 + 555*x + 4476. What is the remainder when 10984 is divided by d(-8)?
160
Suppose 0 = 4*j + y - 195, -5*j + 16*y + 205 = 25*y. Calculate the remainder when 1965 is divided by j.
15
Suppose -2*h = -5*g - 741, -4*h = g + 207 - 72. Calculate the remainder when 671 is divided by 1 + 774/14 + 42/g.
55
Let j be (-572 + 2)*((-24)/(-15) + -2). Let c = j - 150. What is the remainder when c is divided by 40?
38
Suppose 3*c + c - 3*p - 238 = 0, -5*c = p - 307. What is the remainder when c is divided by (-171)/(-6)*-1*98/(-147)?
4
Let d(k) = k**3 + 96*k**2 + 285*k + 647. What is the remainder when 973 is divided by d(-93)?
83
Suppose 43 + 60 = 5*g + 4*f, -3*f = -6. Suppose 0 = 10*v - g*v + 270. Calculate the remainder when v is divided by 18.
12
Let y(i) = i**3 + 27*i**2 - 103*i - 313. What is the remainder when 2305 is divided by y(-30)?
72
Suppose 324 = 5*j - 4*z, 6*z + 4 = 2*z. Suppose j = 4*k - 124. Suppose -2*g + 0*g + 40 = 4*w, -3*w = -5*g - 56. What is the remainder when k is divided by w?
11
Suppose -2616*v = -2638*v + 968. Let b = 36 + -20. Calculate the remainder when v is divided by b.
12
Suppose -20*q - 3*i = -22*q + 19, -2*i + 22 = 3*q. Calculate the remainder when 35 is divided by q.
3
Let t(y) = 86*y - 2818. Calculate the remainder when t(34) is divided by 11.
7
Suppose -3*t = i + i - 82, 41 = i + 4*t. Let s = 53 + i. What is the remainder when s is divided by 6?
4
Suppose 127*a - 23*a = 10400. Calculate the remainder when 305 is divided by a.
5
Let n(l) be the second derivative of l**3/6 + 24*l**2 + 22*l - 1. What is the remainder when 206 is divided by n(-37)?
8
Calculate the remainder when (-9 - 6)*1*(-9 - 138) is divided by 129.
12
Let p(f) = 294*f**3 - 8*f**2 + f + 4. What is the remainder when 1107 is divided by p(1)?
234
Calculate the remainder when -17 + (-84